.
-4254
Let n(o) = -2*o**2 - 889*o - 98436. Give n(-210).
54
Let d(k) = -k**3 + 101*k**2 + 885*k + 62. Give d(-8).
-42
Let r(m) = -m**2 - 3882*m - 1807494. Give r(-541).
-13
Let s(u) = -2*u**3 + 37*u**2 + 741*u - 13368. Give s(17).
96
Let x(d) = -d**2 + 581*d - 84226. Determine x(278).
8
Let k(v) = v**3 + 9*v**2 - 11510*v - 171297. Calculate k(-15).
3
Let k(o) = 26*o**3 + 2342*o**2 + 310*o + 11716. Give k(-90).
16
Let o(b) = -b**3 + 288*b**2 + 1965*b - 401643. Calculate o(290).
7
Let j(c) = -24*c**2 - 1217*c + 8164. Calculate j(6).
-2
Let h(x) = -24*x**3 + 143*x**2 + 36*x - 162. Give h(6).
18
Let f(q) = -q**3 - 31*q**2 - 142*q - 5254. Calculate f(-31).
-852
Let n(x) = x**3 - 224*x**2 + 817*x + 13752. Determine n(220).
-108
Let d(f) = -3*f**3 - 136*f**2 + 164*f + 9389. Determine d(-45).
-16
Let q(y) = -7*y**2 + 553*y + 12226. Determine q(97).
4
Let p(h) = 148*h + 14554. Calculate p(-98).
50
Let l(t) = -1681*t + 18408. Determine l(11).
-83
Let v(y) = y**3 - 148*y**2 + 405*y + 4688. Determine v(145).
338
Let z(c) = -2*c**2 - 155*c - 2086. What is z(-58)?
176
Let m(d) = 9*d**2 + 646*d + 11528. What is m(-40)?
88
Let r(b) = 8*b**2 - 3645*b - 7296. Calculate r(-2).
26
Let n(w) = -6*w**2 + 10*w + 50. Determine n(7).
-174
Let d(b) = 217573*b + 1087869. What is d(-5)?
4
Let k(c) = -c**2 + 59*c - 421. Determine k(7).
-57
Let m(x) = 3*x**2 - 138*x - 582. What is m(-7)?
531
Let w(u) = u**2 + 102*u - 4148. What is w(26)?
-820
Let m(o) = -219*o**2 - 10293*o. Calculate m(-47).
0
Let x(i) = -i**2 - 1446*i + 32291. Calculate x(22).
-5
Let z(f) = -59*f**3 - f**2 + 5*f - 67. Determine z(0).
-67
Let z(t) = t**3 - 58*t**2 - 371*t - 309. Give z(-5).
-29
Let c(o) = -37*o**3 - 77*o**2 - 146*o + 5. Give c(-2).
285
Let p(z) = 1784*z + 42672. Give p(-24).
-144
Let h(c) = c**2 - 248970*c - 746913. Give h(-3).
6
Let d(r) = -27871*r + 139341. Give d(5).
-14
Let q(l) = -2812*l**2 + 3378*l + 3379. Give q(-1).
-2811
Let t(q) = -14*q**3 + 112*q**2 - 103*q + 818. Give t(8).
-6
Let i(d) = -d**2 + 904*d + 20267. Calculate i(-22).
-105
Let f(r) = -6*r**2 - 29252*r + 29251. Determine f(1).
-7
Let u(c) = c**3 + 13*c**2 - 1148*c - 14956. What is u(-13)?
-32
Let v(x) = -16*x**2 + 189*x + 16. Give v(13).
-231
Let q(b) = -2*b**2 - 1066*b - 64858. Give q(-70).
-38
Let p(q) = 725*q + 200847. Determine p(-277).
22
Let x(w) = 4*w**3 + 68*w**2 - 30*w - 14. Give x(-17).
496
Let q(b) = -4*b**2 - 1216*b - 58561. Give q(-244).
-1
Let f(j) = -147*j**2 + 1610*j + 1803. Determine f(12).
-45
Let l(u) = u**3 - 93*u**2 + 1896*u + 1629. Give l(62).
17
Let g(u) = u**3 + 22*u**2 - 785*u - 16741. What is g(-21)?
185
Let v(g) = 2*g**3 + 149*g**2 - 388*g - 374. What is v(-77)?
-143
Let u(y) = -2206*y + 75124. Give u(34).
120
Let x(y) = -2*y**3 + 42*y**2 + 70052*y - 1540178. Give x(22).
-2
Let t(w) = -124*w - 8937. What is t(-77)?
611
Let g(f) = -329*f + 36135. Give g(110).
-55
Let d(k) = k**3 - 35*k**2 + 123*k + 598. Calculate d(31).
567
Let z(v) = -3005*v + 38424. What is z(13)?
-641
Let f(m) = m**2 - 9*m - 10709. What is f(-99)?
-17
Let r(q) = -2*q**2 + 394*q + 3134. Calculate r(-8).
-146
Let h(t) = 45948*t + 735157. Calculate h(-16).
-11
Let n(u) = 3*u**2 - 1422*u + 15473. Determine n(11).
194
Let z(d) = -313*d + 53192. What is z(169)?
295
Let q(c) = c**3 + 189*c**2 + 7667*c - 59. What is q(-59)?
118
Let m(i) = -2959*i + 38379. Determine m(13).
-88
Let x(l) = 41*l**3 - 5*l**2 + 14*l + 35. Determine x(-3).
-1159
Let s(y) = -11*y**3 - 192*y**2 - 559*y - 8004. Determine s(-17).
54
Let u(x) = x**3 - 185*x**2 + 4771*x - 12. What is u(31)?
-105
Let i(b) = -6*b**3 - 128*b**2 + 270*b + 930. Calculate i(-23).
10
Let h(f) = -f**3 - 33*f**2 - 103*f - 1070. What is h(-31)?
201
Let p(u) = 1274*u - 68505. What is p(54)?
291
Let z(p) = -p**3 + 18*p**2 + 30*p - 158. Determine z(19).
51
Let w(l) = -l**2 - 481*l - 38236. Calculate w(-111).
2834
Let i(f) = -188*f + 20948. Give i(109).
456
Let n(g) = -91*g + 10097. Give n(111).
-4
Let a(i) = i**2 + 30*i - 192. Determine a(-23).
-353
Let q(y) = -14*y**3 - 204*y**2 + 1040*y + 7. Give q(4).
7
Let d(i) = -13*i**3 + 627*i**2 + 505*i - 693. Give d(49).
42
Let i(w) = 6*w**2 - 2456*w - 4144. What is i(411)?
-34
Let a(t) = 166683*t - 1333449. Calculate a(8).
15
Let j(z) = 41*z**2 + 694*z + 1338. Determine j(-2).
114
Let u(v) = 59*v**2 + 146*v + 166. Calculate u(-9).
3631
Let x(q) = -4*q**2 - 14793*q + 29595. Calculate x(2).
-7
Let y(s) = 2481*s + 19535. Calculate y(-8).
-313
Let v(s) = s**3 + 175*s**2 + 7643*s - 98. Determine v(-84).
-14
Let l(d) = 1809*d**2 - 30*d - 37. Determine l(-1).
1802
Let d(g) = -g**3 - 254*g**2 - 1729*g + 35. What is d(-247)?
35
Let s(m) = 4*m**3 - 40*m**2 - 117*m - 15. Calculate s(-4).
-443
Let c(o) = -61624*o - 184936. What is c(-3)?
-64
Let p(h) = -2*h**3 - 24*h**2 + 36*h + 323. Give p(-13).
193
Let v(c) = 30*c**2 + 8793*c + 35543. Give v(-289).
-4
Let s(t) = -23*t**3 - 12*t**2 - 13*t + 23. Calculate s(-2).
185
Let x(d) = -49*d**3 + 491*d**2 - 307*d + 2980. Determine x(10).
10
Let k(o) = -21*o**2 + 2159*o + 4903. Give k(105).
73
Let h(b) = -b**3 + 23*b**2 - 80*b + 923. What is h(19)?
847
Let n(u) = 18*u**2 + 2966*u - 14836. Give n(5).
444
Let w(y) = y**2 + 189*y + 2577. What is w(-14)?
127
Let b(v) = 1255*v - 36329. What is b(30)?
1321
Let m(w) = -4*w**2 - 1944*w + 3896. Give m(2).
-8
Let n(t) = -4*t**2 + 5076*t + 214831. Determine n(-41).
-9
Let j(k) = 392454*k - 3139633. Give j(8).
-1
Let b(w) = -9*w**3 + 639*w**2 - 5944*w + 14. Give b(11).
-30
Let w(z) = -20*z**3 + 148*z**2 + 238*z + 449. Determine w(9).
-1
Let h(g) = -g**3 - 68*g**2 + 770*g - 726. Determine h(-78).
54
Let j(s) = 2*s**2 - 81*s - 752. Determine j(53).
573
Let g(s) = 2982*s + 12927. What is g(-5)?
-1983
Let t(o) = -o**3 - 7*o**2 + 2*o + 474. What is t(6)?
18
Let x(l) = l**3 + 152*l**2 + 848*l - 3852. What is x(-146)?
236
Let s(v) = v**2 + 108*v - 4840. Give s(-142).
-12
Let k(x) = 84*x**3 - 3*x**2 + 260*x - 257. Determine k(1).
84
Let a(m) = 113*m**2 + 12700*m + 4938. Give a(-112).
10
Let q(d) = -4*d**3 - 2899*d**2 - 2194*d - 15926. Give q(-724).
2
Let p(q) = 6*q**3 + 332*q**2 - 226*q - 236. Give p(-56).
-124
Let r(s) = -1445*s + 570531. Calculate r(395).
-244
Let p(t) = t**2 - 63291*t + 3035658. Calculate p(48).
-6
Let p(d) = 8258*d + 10743664. Calculate p(-1301).
6
Let n(a) = a**2 + 56*a - 46. Calculate n(16).
1106
Let p(s) = -3*s**3 - 58*s**2 + 3899*s - 104. Calculate p(-47).
-10
Let p(h) = 2*h**3 + 37*h**2 - 17*h - 708. Give p(-18).
-78
Let q(y) = -37*y**3 - 72*y + 212. Give q(3).
-1003
Let r(w) = -511*w + 646. Give r(2).
-376
Let h(u) = 2*u**3 - 272*u**2 - 38150*u - 7549. Determine h(222).
-1
Let h(q) = -3*q**2 + 117*q - 1784. Determine h(18).
-650
Let z(c) = -c**2 + 63*c + 159. Determine z(50).
809
Let g(y) = 8461*y + 2825966. What is g(-334)?
-8
Let i(f) = -f**3 - 18*f**2 - 11*f + 472. Determine i(-19).
1042
Let m(o) = -2*o**2 + 1840*o + 27328. Give m(-15).
-722
Let o(d) = 2*d**3 + 25*d**2 + 18*d + 500. Give o(-12).
428
Let w(b) = -4*b**2 - 84*b + 1309. Give w(10).
69
Let i(z) = 24535*z + 318975. What is i(-13)?
20
Let s(k) = -k**3 - 103*k**2 + 2114*k - 7758. Determine s(-121).
-14
Let o(k) = -k**3 - 4*k**2 + 5354*k + 32015. Calculate o(-6).
-37
Let v(f) = f**2 + 279*f + 19309. Calculate v(-145).
-121
Let l(d) = 25*d**2 + 6277*d + 48613. Give l(-8).
-3
Let k(b) = -b**3 + 426*b**2 - 2987*b + 22065. What is k(419)?
-561
Let u(x) = -925*x - 19203. What is u(-21)?
222
Let d(t) = t**3 - 8*t**2 - 56*t + 179. Calculate d(11).
-74
Let t(j) = 4*j**3 - 431*j**2 + 1545*j + 1644. Calculate t(104).
84
Let p(j) = -j**3 + 23*j**2 + 5206*j - 146041. Calculate p(29).
-113
Let i(k) = 21*k**2 + 2068*k + 979. Give i(-98).
-1
Let p(n) = 2*n**3 + 7*n**2 + 25*n + 201. Give p(-5).
1
Let k(o) = 93*o + 6125. Determine k(-68).
-199
Let z(f) = -3*f**2 - 14335*f - 57349. Give z(-4).
-57
Let n(u) = 33*u**2 + 902*u - 3609. Determine n(4).
527
Let q(w) = w**2 - 107*w - 2743. Calculate q(-21).
-55
Let k(j) = -4*j**2 + 238*j - 1871. Determine k(56).
-1087
Let v(r) = -r**3 + 206*r**2 - 5185*r + 35777. What is v(178)?
-1
Let i(y) = -143*y - 14105. Determine i(-102).
481
Let k(p) = -11617*p + 104594. Determine k(9).
41
Let x(c) = -24*c**2 + 982*c + 6926. What is x(-7)?
-1124
Let r(w) = 258*w + 1675. Give r(-6).